s of 266153.
266153
List the prime factors of 384285.
3, 5, 11, 17, 137
List the prime factors of 5986785.
3, 5, 7, 23, 37, 67
What are the prime factors of 627068?
2, 13, 31, 389
List the prime factors of 336268.
2, 84067
What are the prime factors of 133545?
3, 5, 29, 307
What are the prime factors of 2626642?
2, 47, 27943
What are the prime factors of 3682366?
2, 31, 59393
What are the prime factors of 24746713?
17, 211, 6899
List the prime factors of 21804138.
2, 3, 23, 52667
What are the prime factors of 154562?
2, 109, 709
What are the prime factors of 869224?
2, 179, 607
What are the prime factors of 424368?
2, 3, 7, 421
List the prime factors of 7172682.
2, 3, 11, 108677
List the prime factors of 13654945.
5, 2730989
List the prime factors of 434828.
2, 108707
List the prime factors of 345146.
2, 172573
What are the prime factors of 642047?
7, 13103
What are the prime factors of 248534?
2, 11, 13, 79
What are the prime factors of 339780?
2, 3, 5, 7, 809
What are the prime factors of 12936778?
2, 6468389
What are the prime factors of 366261?
3, 7, 107, 163
What are the prime factors of 1558181?
23, 37, 1831
What are the prime factors of 4534221?
3, 43, 35149
List the prime factors of 1240528.
2, 23, 3371
List the prime factors of 443267.
11, 59, 683
What are the prime factors of 4076757?
3, 150991
What are the prime factors of 1129458?
2, 3, 11, 109, 157
What are the prime factors of 487007?
487007
What are the prime factors of 126695?
5, 25339
List the prime factors of 2661045.
3, 5, 19, 9337
List the prime factors of 631236.
2, 3, 41, 1283
What are the prime factors of 29036391?
3, 17, 127, 4483
What are the prime factors of 107228?
2, 11, 2437
What are the prime factors of 298938?
2, 3, 49823
What are the prime factors of 15167061?
3, 7, 13, 6173
What are the prime factors of 2304445?
5, 11, 13, 293
List the prime factors of 2066512.
2, 7, 18451
What are the prime factors of 27110215?
5, 11, 23, 29, 739
List the prime factors of 2642549.
7, 13, 71, 409
What are the prime factors of 941702?
2, 293, 1607
What are the prime factors of 214802?
2, 7, 67, 229
List the prime factors of 7255825.
5, 290233
What are the prime factors of 227754?
2, 3, 12653
List the prime factors of 466573.
466573
List the prime factors of 677247.
3, 225749
What are the prime factors of 481964?
2, 7, 2459
What are the prime factors of 713433?
3, 7, 53, 641
What are the prime factors of 2514170?
2, 5, 251417
What are the prime factors of 1177050?
2, 3, 5, 7, 19, 59
What are the prime factors of 2335749?
3, 13, 17, 271
What are the prime factors of 177289?
7, 19, 31, 43
What are the prime factors of 33393649?
1019, 32771
List the prime factors of 8083074.
2, 3, 23, 58573
List the prime factors of 623860.
2, 5, 31193
What are the prime factors of 2925873?
3, 31, 10487
List the prime factors of 9765658.
2, 7, 19, 36713
What are the prime factors of 12637518?
2, 3, 359, 5867
List the prime factors of 24934665.
3, 5, 7, 17, 61, 229
What are the prime factors of 70118?
2, 35059
List the prime factors of 10834196.
2, 23, 117763
List the prime factors of 2775262.
2, 7, 28319
List the prime factors of 6545541.
3, 1259, 1733
List the prime factors of 171587.
13, 67, 197
List the prime factors of 730068.
2, 3, 83, 733
What are the prime factors of 150629?
31, 43, 113
What are the prime factors of 229815?
3, 5, 5107
List the prime factors of 2433776.
2, 152111
What are the prime factors of 4375650?
2, 3, 5, 31, 941
What are the prime factors of 590130?
2, 3, 5, 79, 83
List the prime factors of 457047.
3, 43, 1181
What are the prime factors of 95922?
2, 3, 73
What are the prime factors of 1422232?
2, 7, 109, 233
What are the prime factors of 2864021?
2864021
What are the prime factors of 586468?
2, 146617
What are the prime factors of 4443759?
3, 563, 877
List the prime factors of 1268558.
2, 634279
What are the prime factors of 1991948?
2, 7, 10163
List the prime factors of 2504082.
2, 3, 7, 59621
List the prime factors of 1204607.
1204607
List the prime factors of 1765282.
2, 389, 2269
What are the prime factors of 2526721?
2526721
List the prime factors of 1234120.
2, 5, 30853
List the prime factors of 103868.
2, 23, 1129
List the prime factors of 96969.
3, 32323
What are the prime factors of 388840?
2, 5, 9721
What are the prime factors of 100235?
5, 20047
List the prime factors of 4454024.
2, 556753
List the prime factors of 21288469.
503, 42323
List the prime factors of 244790.
2, 5, 7, 13, 269
List the prime factors of 3324130.
2, 5, 31, 10723
What are the prime factors of 226616?
2, 13, 2179
What are the prime factors of 1051825?
5, 42073
What are the prime factors of 328063?
328063
What are the prime factors of 1247332?
2, 199, 1567
What are the prime factors of 362969?
362969
List the prime factors of 765169.
765169
List the prime factors of 388616.
2, 31, 1567
List the prime factors of 144017.
79, 1823
List the prime factors of 3681102.
2, 3, 199, 3083
List the prime factors of 237334.
2, 53, 2239
List the prime factors of 4398660.
2, 3, 5, 7, 3491
What are the prime factors of 20586?
2, 3, 47, 73
What are the prime factors of 2777539?
2777539
What are the prime factors of 679278?
2, 3, 113213
List the prime factors of 625313.
13, 103, 467
What are the prime factors of 5451858?
2, 3, 139, 2179
What are the prime factors of 602372?
2, 41, 3673
What are the prime factors of 61731?
3, 19
What are the prime factors of 3497356?
2, 563, 1553
List the prime factors of 496731.
3, 23, 313
List the prime factors of 57742.
2, 28871
What are the prime factors of 390060?
2, 3, 5, 11, 197
List the prime factors of 3661663.
277, 13219
List the prime factors of 5952934.
2, 13, 228959
List the prime factors of 8667989.
11, 787999
What are the prime factors of 1742710?
2, 5, 23, 7577
What are the prime factors of 7452461?
47, 158563
What are the prime factors of 4469663?
11, 59, 71, 97
What are the prime factors of 4264569?
3, 17, 19, 163
What are the prime factors of 981864?
2, 3, 13, 1049
List the prime factors of 2656728.
2, 3, 36899
List the prime factors of 2033954.
2, 13, 78229
What are the prime factors of 5470121?
97, 56393
What are the prime factors of 6066995?
5, 11, 47, 2347
What are the prime factors of 19978?
2, 7, 1427
What are the prime factors of 1567211?
509, 3079
List the prime factors of 485397.
3, 11, 4903
List the prime factors of 528499.
443, 1193
What are the prime factors of 100398?
2, 3, 29, 577
What are the prime factors of 25835553?
3, 2870617
What are the prime factors of 1352?
2, 13
What are the prime factors of 194533?
47, 4139
List the prime factors of 491422.
2, 245711
List the prime factors of 897761.
137, 6553
List the prime factors of 689262.
2, 3, 7, 16411
What are the prime factors of 629871?
3, 11, 19087
List the prime factors of 332292.
2, 3, 27691
List the prime factors of 347489.
347489
List the prime factors of 106096.
2, 19, 349
List the prime factors of 865858.
2, 7, 23, 2689
What are the prime factors of 7328472?
2, 3, 305353
What are the prime factors of 900398?
2, 450199
List the prime factors of 399662.
2, 199831
What are the prime factors of 7283260?
2, 5, 53, 6871
List the prime factors of 6142039.
557, 11027
What are the prime factors of 1476802?
2, 738401
What are the prime factors of 2944966?
2, 23, 73, 877
What are the prime factors of 3454871?
7, 73, 6761
List the prime factors of 11682953.
11682953
List the prime factors of 58616.
2, 17, 431
List the prime factors of 33694.
2, 17, 991
What are the prime factors of 2751153?
3, 917051
What are the prime factors of 380403?
3, 73, 193
What are the prime factors of 86814?
2, 3, 7, 13, 53
What are the prime factors of 71328?
2, 3, 743
What are the prime factors of 82940?
2, 5, 11, 13, 29
What are the prime factors of 4124828?
2, 97, 10631
What are the prime factors of 548171?
13, 149, 283
List the prime factors of 668959.
668959
What are the prime factors of 2052531?
3, 13, 53, 331
What are the prime factors of 4030472?
2, 127, 3967
List the prime factors of 307390.
2, 5, 59, 521
List the prime factors of 3343248.
2, 3, 71, 109
List the prime factors of 18654604.
2, 43, 108457
List the prime factors of 329554.
2, 53, 3109
What are the prime factors of 2691751?
29, 101, 919
List